 a and 20.
20
Let u be 3*(43 + -2 - -3). Suppose u = w + 5*r, 4*w - 688 = r - 223. What is the highest common divisor of w and 13?
13
Let n be 4804/30 + 2 - (-78)/(-585). Calculate the highest common divisor of n and 567.
81
Suppose 5*m + 2*l = -0 + 27, -5*l - 27 = -m. Calculate the highest common divisor of 21 and m.
7
Let d = 30 - 36. Let l(m) = -m + 17. Let v be l(d). What is the highest common factor of v and 23?
23
Let z = 587 - 536. Calculate the highest common divisor of 765 and z.
51
Let k be 357/9 - 6/(-18). Suppose k = 6*s - s. Let o = s + -5. Calculate the greatest common divisor of o and 27.
3
Let h = 1693 - 2418. Let o be 1/(h/(-240) + -3). What is the highest common factor of o and 24?
24
Let i(z) = -2*z**3 + 3*z**2 - 5*z + 5. Let b be i(2). Let m(x) = x**2 + 9*x + 18. Let j be m(b). Calculate the greatest common divisor of 9 and j.
9
Let k = -29 + -110. Let a = 238 + k. What is the highest common divisor of 11 and a?
11
Let h(l) = 430*l - 3. Let p be h(1). Calculate the highest common divisor of p and 7.
7
Suppose 39*f - 30 = 126. Calculate the greatest common divisor of f and 124.
4
Suppose -5*s = y - 29, -5*s + 34 + 13 = 3*y. What is the highest common factor of 189 and y?
9
Let s = -2900 - -3269. Calculate the highest common divisor of s and 41.
41
Suppose a + 250 = 2*z + 16, -2*a + 344 = 3*z. What is the highest common factor of 29 and z?
29
Let v(z) = 4*z**2 + z + 11. Let b be v(-2). Calculate the greatest common factor of b and 5.
5
Suppose 4*k = 5*n + 64, -5*k - 3*n + 35 = 2*n. Let y = -10 + 21. What is the greatest common divisor of k and y?
11
Let q(i) = i**2 - 14*i + 88. Let a be q(11). What is the greatest common divisor of 10 and a?
5
Let s = 3 + 2. Let u be (-442)/(-130) - 2/s. Calculate the greatest common factor of u and 33.
3
Let n be 69/46 - (3/(-2) - -2). Let q = 5 + -3. What is the highest common divisor of q and n?
1
Suppose -4*r - 5 = 11. Let s be r/8 + 28/8. Suppose a - 1 = 2. What is the highest common factor of a and s?
3
Suppose 13*g = g + 996. Let j = -44 + g. What is the greatest common divisor of j and 13?
13
Suppose 0 = 2*v - 3*k - 33, -k + 17 = -5*v + 67. What is the greatest common factor of v and 99?
9
Suppose 0*t = -3*t + 96. Let o be -5*(t/20 + -1). Let m be o*(52/(-6))/2. Calculate the highest common divisor of 39 and m.
13
Let v be (4 + (-3 - -3))*1. Let n = 4 - v. Let d be -2 + (43 - (n - 1)). Calculate the greatest common factor of d and 21.
21
Let y = -483 + 531. What is the highest common factor of 12 and y?
12
Let t = 19 + -1. Let r(g) = -2*g - 3. Let f be r(-3). Suppose -q + 4*i + t - 3 = 0, f*i = -5*q + 75. What is the highest common divisor of q and 5?
5
Let m be -5 - -17*(-12)/(-3). Let i be (1 + -2)*5 + m. What is the highest common divisor of i and 29?
29
Suppose 3317 + 2098 = 5*d. Calculate the highest common divisor of d and 57.
57
Let r(h) = -2*h**2 - 7*h - 3. Let o be r(-3). Suppose 7*w - 13*w + 24 = o. What is the highest common factor of w and 36?
4
Suppose 4*j - 14 - 6 = 0. Suppose 4*r + 70 = 4*k - k, -2*k + 49 = -j*r. Suppose 4*g = 111 - 23. Calculate the highest common divisor of k and g.
22
Let o be (-39)/(-65) + 54/10. What is the greatest common factor of 2 and o?
2
Let s = 156 - 203. Let u = 76 + -169. Let i = s - u. Calculate the greatest common factor of 115 and i.
23
Let f = -2499 - -3949. What is the greatest common factor of f and 58?
58
Let w(r) = r - 7. Let o be w(7). Suppose k + 3*u - 22 = o, 5*u = k - 3*k + 39. What is the highest common factor of k and 77?
7
Let m be (-37 + -7)*6/4. Let w = 67 + m. Calculate the highest common divisor of w and 11.
1
Let i(u) = -u**2 + u + 12. Let n be i(-12). Let j be n/(3 - 6) + -3. Calculate the highest common factor of j and 5.
5
Let g be (-2 + (-4 - -6))/(-2). Suppose g = -3*v + 5*t + 305, -4*v + 364 = -0*v + 4*t. What is the highest common divisor of v and 19?
19
Let r be 4 + 8/(-40)*-35. What is the highest common factor of r and 88?
11
Suppose -3*n + 5*v + 53 = 0, -4*n + 103 = -4*v + 35. Let u be ((-44)/6)/(3/(-414)). Let c be (u/n)/(2/8). Calculate the greatest common divisor of c and 23.
23
Suppose 3*p + p - 24 = 0. Let z be 20 - (-17 + 0 + 7). Calculate the highest common factor of z and p.
6
Let m(h) = 19*h**3 + 4*h**2 + 24*h - 6. Let n be m(6). What is the greatest common factor of n and 102?
102
Let t(s) = 20*s - 636. Let x be t(32). What is the greatest common divisor of 206 and x?
2
Suppose -4*w = -333 - 115. What is the greatest common divisor of w and 84?
28
Suppose 30 = -2*f + 118. Let y(a) = 111*a**2 - a. Let g = -7 + 8. Let m be y(g). What is the greatest common factor of f and m?
22
Suppose -2*y = 5*t - 4 + 40, 3*y = -3*t - 27. Let o(g) = -g + 7. Let f be o(t). Let l be -2 + 0/(-3) + f. What is the highest common divisor of l and 11?
11
Let i be (320/144)/(1/45). What is the greatest common factor of 475 and i?
25
Let k = 40 + 2. Suppose -j + 113 = -2*c, 0 = c + 2*c + 12. Calculate the highest common divisor of k and j.
21
Suppose 18*d - 16*d = 72. Calculate the greatest common factor of d and 12.
12
Let g(p) be the second derivative of 1/12*p**4 - 8*p + 1/2*p**3 + 1/2*p**2 + 0. Let d be g(-3). What is the greatest common divisor of 7 and d?
1
Let b be 1 + -1*(3 - 6). Let w be (-6 - -60)*2/6. Suppose w = -b*o + 90. Calculate the highest common divisor of o and 45.
9
Let o be (-4)/14 - (-428)/28. Suppose -2*m - 8 = -4*m, 5*m = 2*r + 18. Let d be -4*r + 112/8. Calculate the highest common divisor of d and o.
5
Suppose -2*w - 5*z = 19, 2*z + 39 = -5*w - 2*z. Let x(f) = -3*f - 17. Let q be x(w). What is the highest common divisor of 12 and q?
4
Let a be 19*(-1 - -2)*1. Let j = a + 71. Suppose -2*f + j = -18. What is the highest common divisor of f and 81?
27
Suppose h - 40 = -3*i, 0 = -5*i + 53*h - 51*h + 63. Let b be 15 + 3/(6/(-4)). What is the greatest common divisor of b and i?
13
Suppose -100 = -5*j - 90. Let h = 12 - j. Let u = 6 + 4. Calculate the highest common factor of u and h.
10
Let q be 315/27*((-72)/21)/(-4). Calculate the highest common divisor of q and 130.
10
Let o be 31 - 0 - (-15)/(-5)*2. Calculate the highest common factor of o and 115.
5
Let m = -85 + 404. Let y = -189 + m. What is the greatest common factor of 52 and y?
26
Let t = 170 + -163. Suppose x - 252 = -3*x. Calculate the greatest common divisor of t and x.
7
Let o(a) = 6*a**2 - 4*a**2 - 9 - 4*a + a**2. Let z be o(7). Calculate the greatest common divisor of z and 10.
10
Suppose 0 = 3*b - 5*b + 32. Suppose v - b = -3*a + 3, 0 = 4*a - 12. Calculate the highest common factor of v and 110.
10
Let o = 19 + 95. Suppose 4*b - 3*w - o = 0, 78 = 5*b + w - 74. Calculate the greatest common factor of 6 and b.
6
Suppose 44 = 6*c - 76. Let r(d) = 2*d + 1. Let n be r(2). Suppose -n*a + a - c = 0, -58 = -h + 2*a. Calculate the highest common factor of h and 6.
6
Suppose 0 = y - 0 - 2. Let m be ((-1)/(-2))/(3/18). Calculate the highest common divisor of y and m.
1
Let m = 5156 + -2951. Calculate the highest common factor of m and 45.
45
Let r(d) = -d**3 + 7*d**2 + d + 29. Let l be r(5). Calculate the greatest common divisor of l and 189.
21
Suppose 1256 + 529 = -3*d. Let r = -425 - d. Calculate the highest common divisor of 34 and r.
34
Suppose 3*p = 3, 5*j = 5*p - 16 + 61. Suppose -4*u + 88 = -3*r, -5*u = -6*r + r - 105. Calculate the highest common divisor of u and j.
5
Suppose -16*p = 2*p - 54. What is the greatest common divisor of 60 and p?
3
Let u(r) = -r**3 - r**2 - r - 48. Suppose n = -l - 5, n - 4 = 2*l + 6. Let w be u(n). Let m be 1 + 1 - w/3. Calculate the highest common divisor of 45 and m.
9
Suppose v = -1 + 3. Let j = v - -66. Let z be 67*1/4 - 38/(-152). What is the greatest common factor of j and z?
17
Suppose 5*f + 4*c - 47 = 0, -1 = -4*f - 3*c + 37. Suppose -40 = -f*m + 7*m. What is the highest common divisor of m and 4?
2
Suppose -9*k = -7*k + 880. Let c be (17 - 2)*k/(-12). Suppose 0 = 5*j + 5*d - 1575, -4*j + 718 = 2*d - c. What is the highest common factor of j and 29?
29
Suppose 3*m - 34 = -4. Suppose -60 = -m*d - 0. What is the greatest common factor of d and 24?
6
Let q(z) = -1. Let t(b) = -b**2 - 6*b - 5. Let j(y) = q(y) + t(y). Let n be j(-4). Calculate the highest common divisor of 6 and n.
2
Suppose 2*u - 64 = -